 - r + 1. Let q(w) = 5*m(w) + n(w). List the prime factors of q(4).
3, 41
Suppose 6667 = -2*a + 7*a + 4*l, 0 = -2*a + 5*l + 2647. List the prime factors of a.
11
Suppose 0 = 11*w - 1356 - 866. What are the prime factors of w?
2, 101
Suppose 3*w - 2 = 7. Let z be 69/(-6)*(-1 - w). Suppose -4*t + 54 = -z. List the prime factors of t.
5
What are the prime factors of (1153818/(-24))/(-23) + 1/(-4)?
2, 5, 11, 19
Suppose 2*b = 4*x + 12, -b = -5*x - 8 - 1. What are the prime factors of (-3)/b - 415/(-20)?
2, 5
Let u = -10 + 22. List the prime factors of -30*(-4)/u*7.
2, 5, 7
Let z be (-4)/(-1 + -1) - 14. Let d be (8/z)/(2/(-123)). Let r = d - 28. List the prime factors of r.
13
Let r be 7/5 + 9/15 + 143. Let k = r - 47. List the prime factors of k.
2, 7
Suppose -7*y = -4*y + 42. Suppose 3*z = -9, 4*x = 3*z - z + 70. Let o = y + x. List the prime factors of o.
2
Let n(r) = r**3 + r - 1. Let y(l) = 4*l**3 - 2*l**2 + 5*l - 8. Let g(a) = -5*n(a) + y(a). Let u be g(-4). Let d = u + -10. What are the prime factors of d?
19
Suppose 0 = p - 9*p - 24. Let x(r) = -2*r**3 - 5*r**2 - 3*r + 2. List the prime factors of x(p).
2, 5
List the prime factors of (-2)/7 - (3 + 11986/(-7)).
1709
Let z(d) = -3*d**2 - 3*d + 7. Let b(m) = -2*m**2 - m + 3. Let t(o) = -5*b(o) + 3*z(o). List the prime factors of t(8).
2, 19
Let g(y) = -y**2 - 7*y - 2. Let b be g(-4). Suppose -4*k = 4*w + b + 2, -3*w + k - 9 = 0. What are the prime factors of -2*1/w*9?
2, 3
Let m(z) = -z**3 + 5*z**2 - 23*z + 28. What are the prime factors of m(-14)?
2, 3, 7, 97
Suppose 125 = 3*q - 8*q + 5*l, 2*l - 94 = 4*q. Let j = q - -259. Suppose -51 + j = 6*x. List the prime factors of x.
31
Suppose -a + 4*a + 96 = 0. Let x = 12 - a. What are the prime factors of x?
2, 11
Suppose 0 = 5*q + 25, 0 = v - 2*v - q. Let a = v + -5. Suppose -5*k - 2*i + 73 = a, 38 = 4*k + 4*i - 18. What are the prime factors of k?
3, 5
Let p(y) = 9*y - 39. Let j be p(9). Suppose -15*i + 14*i = -j. What are the prime factors of i?
2, 3, 7
Let z(p) = p**3 + 11*p**2 + 8*p - 17. Let m be z(-10). Suppose 543 = 3*y - m*b, -4*y + 4*b - b + 729 = 0. What are the prime factors of y?
2, 3, 31
Suppose 2*y + 0*k = 4*k + 792, 2*y - 5*k - 795 = 0. List the prime factors of y.
2, 3, 5, 13
Let s(i) = -19*i - 111. Let z be s(-7). Let m(n) = -19*n. Let r be m(-2). Let y = z + r. What are the prime factors of y?
2, 3, 5
Suppose 3*b + 10 = 5*o, -b - 4*b = -5*o. Suppose b*l - 2*l - 144 = 0. List the prime factors of l.
2, 3
Let g(a) = -a**3 + 29*a**2 - 59*a + 41. List the prime factors of g(26).
5, 107
Suppose i = 2*i + 16. Let n be ((-1)/(-4))/(i/(-320)). Suppose -5*a = -n*k - 60, -3*a + a - 5*k = -52. What are the prime factors of a?
2
Let h(z) = z**3 + 2*z**2 + z + 4. Let r be h(-3). Let l = r + 12. Suppose -l*d = -7*d + 84. What are the prime factors of d?
2, 7
Suppose 1989 = 80*g - 71*g. List the prime factors of g.
13, 17
Suppose 0*h - 777 = -3*h. List the prime factors of h.
7, 37
Let u be 5/((-60)/8) + (-1714)/(-6). Suppose -6*b + 11*b - u = 0. List the prime factors of b.
3, 19
What are the prime factors of ((-18)/(-21))/(18/23499)?
3, 373
What are the prime factors of (-148)/12*-36*(5 + 3)?
2, 3, 37
Let w(m) = -13*m + 6 - 7*m - 6*m - 11*m. What are the prime factors of w(-4)?
2, 7, 11
Suppose -30055 = -23*c + 420. What are the prime factors of c?
5, 53
Suppose -2*o = 2*u - 2, -1 = -u + 2. Let t be o - 2*14/(-4). List the prime factors of 2/t - (-468)/30.
2
Suppose -2401 = -3*r - 4*h, 5*h = 4*r + 2*h - 3168. What are the prime factors of r?
3, 5, 53
Let c = -12 - -18. Let y be (c + -11)/((-5)/2). Suppose -5*i = a - 53, -a = -0*i - y*i - 25. What are the prime factors of a?
3, 11
What are the prime factors of ((-13)/(-12) - 3/4)*4578?
2, 7, 109
Let y(r) = 9*r**3 + r**2 - 1. Let t be y(-1). Let l(f) = f + 13. Let b be l(t). Suppose b*c = c + 60. What are the prime factors of c?
2, 5
What are the prime factors of 4 + (5 - (7 - 1))*-4504?
2, 7, 23
Let t(l) = -l**3 - l - l**2 + 13 + 0*l**2 - 11. Suppose -3*k = -k. What are the prime factors of t(k)?
2
Let u = -688 + 989. What are the prime factors of u?
7, 43
Let g = 9725 - 6292. What are the prime factors of g?
3433
Let u be 4*4/8 + 37. Suppose 0 = -16*s + 13*s + u. What are the prime factors of s?
13
Let j = -450 - -515. What are the prime factors of j?
5, 13
Let z = 32 - 20. Suppose -v = 4*f + 18, -4*f = -7*f - z. What are the prime factors of 3/v*(-182)/21?
13
Let h be (-4*3/(-24))/(1/10). Let u = 62 - h. List the prime factors of u.
3, 19
Suppose 3*q - 2*q = 3. Suppose 4*j + 0*u = -4*u + 80, -j = -q*u - 4. List the prime factors of ((-36)/j)/((-3)/16).
2, 3
Let i = 38 + -34. Let o(m) = 6*m**2 - 5 - m**3 + i*m - m**2 - 6*m. List the prime factors of o(4).
3
What are the prime factors of 9 - (2 + (-9 - 245))?
3, 29
Let f be (-4)/(-6) - 2/3. Suppose 4*x - 422 - 154 = f. Suppose -4*d + 7*d + 5*q = x, 4*d - 192 = 5*q. What are the prime factors of d?
2, 3
Suppose 0 = 5*w - 137 - 393. Suppose 13 = 5*d + t, 3*d - 5 = 2*t + 8. Suppose -v - 2*u + 50 = 0, d*u - w = -2*v + u. What are the prime factors of v?
2, 7
Let w = 7 + -9. What are the prime factors of w/1*(-539)/14?
7, 11
Suppose -51*o + 7056 = -43*o. What are the prime factors of o?
2, 3, 7
List the prime factors of 225/(-18)*(-472)/10.
2, 5, 59
Suppose 11*x + 13*x = 28704. What are the prime factors of x?
2, 13, 23
Suppose 7*j - 8 = 5*j. Suppose -4*p = j*x - 380, 2*p - 404 = -2*p + 4*x. What are the prime factors of p?
2, 7
What are the prime factors of 12/(-16) - 13830*7/(-56)?
2, 3
Suppose -4*r - 8 = 12, -3*i = -4*r + 19. Let y be i/(-3)*(11 - 5). List the prime factors of (y/8)/(2/8).
13
Suppose 0 = 4*p - 16, -s - 2*p + 18 = s. Suppose 4*u - y = -20, -3*u = s*y - 5 - 3. What are the prime factors of (-6)/u*124/6?
31
Let s be -27 - ((-2)/(-4))/(3/18). Let o = 36 - s. List the prime factors of o.
2, 3, 11
Let i(c) be the second derivative of c**5/20 + c**4/2 - c**2/2 - c. Let s = 259 - 264. What are the prime factors of i(s)?
2, 3
Let g(l) = l**3 + l + 2. Let p be g(0). Let y be (-1 - p) + -138 + 1. What are the prime factors of ((-1)/2)/(5/y)?
2, 7
Let r be (9/(-6))/((-3)/(-12)). Let p(q) = q**3 + 6*q**2. Let a be p(r). List the prime factors of -4 - (-40 + -1 + a).
37
Suppose 0 = -3*i - 0*i - 5*z + 280, 2*i = -5*z + 190. What are the prime factors of i?
2, 3, 5
What are the prime factors of (-117)/2*32/(-6)?
2, 3, 13
Let n(h) = 4 + 14*h - h**3 - 5*h**2 - 7*h**2 - 6*h**2 + 5*h**2. Let m be n(-14). Suppose -o = m*o - 65. List the prime factors of o.
13
Let o = -1626 + 2715. List the prime factors of o.
3, 11
Let c(m) = -m**2 - 44*m + 128. What are the prime factors of c(-42)?
2, 53
What are the prime factors of (-1)/(-2) + 1375/10?
2, 3, 23
Let q(a) = a**3 - 3*a**2 - 2*a - 5. Suppose k = 5*k - 16. Let v be q(k). Suppose 0 = 3*s + x - 130, 132 = s + 2*s + v*x. List the prime factors of s.
43
Suppose 78*z - 83*z + 12940 = 0. What are the prime factors of z?
2, 647
Suppose -2*g + 6*g = -32. Let u = g + 11. What are the prime factors of (-1611)/(-27) + (-2)/u?
59
List the prime factors of (1324/(-14))/((-31)/217).
2, 331
Suppose l = -1, 0 = -0*g + 4*g + 5*l + 5. Suppose -5*o = 2*u, 4*o + 2*u - u - 3 = g. List the prime factors of (o + (-2 - 2))*-24.
2, 3
Suppose 0 = 3*g + 4*r - 34, g + r - 20 = 4*r. Let v(i) = i**3 + 20*i**2 + 34*i - 24. Let n be v(-18). Let s = g + n. List the prime factors of s.
2, 13
Suppose 27*o - 18015 - 2424 = 0. List the prime factors of o.
757
Let f = 1 + 2. Suppose r = -f*r + 160. Suppose 4*c - r = -2*b, b - 12 = -c + 10. List the prime factors of b.
2, 3
Suppose -9 = 2*p - p. Let x be (p + 11)/((-2)/(-41)). Suppose 0 = -5*f + x + 224. What are the prime factors of f?
53
Suppose z = -4*z - 25, -4*a + 5*z = -37. Suppose a*s + 1 + 14 = n, 0 = 2*s + 6. Let f(i) = i + 2. List the prime factors of f(n).
2
Let y = -8 - -19. Let x(b) = b**3 - 11*b**2 - 7*b + 1. Let m be x(y). What are the prime factors of 3 + (-3)/(6/m)?
41
Let b = 52 + -53. What are the prime factors of (2 - 1) + b/1 + 79?
79
Let f = 59 - 59. Let g(c) = 3*c + 43. List the prime factors of g(f).
43
Suppose 3*v = 5*q + 4, -2*v + 11 = 2*q - 13. Suppose -9*h + v*h + 157 = 0. What are the prime factors of h?
157
Let t(r) = 5*r - 12. Let x(g) be the second deriva